{"id":5055,"date":"2021-08-05T14:52:27","date_gmt":"2021-08-05T12:52:27","guid":{"rendered":"https:\/\/tienda.infomueble.es\/producto\/cadira-giratoria-model-new-light-amb-capcal\/"},"modified":"2023-05-26T11:54:03","modified_gmt":"2023-05-26T09:54:03","slug":"silla-giratoria-modelo-new-light-con-cabezal","status":"publish","type":"product","link":"https:\/\/tienda.infomueble.es\/ca\/producto\/silla-giratoria-modelo-new-light-con-cabezal\/","title":{"rendered":"Cadira girat\u00f2ria model New Light amb cap\u00e7al"},"content":{"rendered":"","protected":false},"excerpt":{"rendered":"<p>&nbsp;<\/p>\n<hr>\n<h4><span style=\"font-family: helvetica, arial, sans-serif;\">CARACTER\u00cdSTIQUES<\/span><\/h4>\n<hr>\n<p>&nbsp;<\/p>\n<ul>\n<li><span style=\"font-family: helvetica, arial, sans-serif; color: #808080;\">Recolzo malla transpirable tibada sobre bastidor perimetral de polipropil\u00e8 negre amb cap\u00e7al.<\/span><\/li>\n<li><span style=\"font-family: helvetica, arial, sans-serif; color: #808080;\">Tensor lumbar regulable en altura.<\/span><\/li>\n<li><span style=\"font-family: helvetica, arial, sans-serif; color: #808080;\">Seient amb interior de fusta contraxapada, omplert de goma flexible d&#8217;alta densitat. Color <strong>negre goya<\/strong>.<\/span><\/li>\n<li><span style=\"font-family: helvetica, arial, sans-serif; color: #808080;\">Mecanisme sincro autopesant amb trasla. Regula la pressi\u00f3 de manera autom\u00e0tica en funci\u00f3 del pes de l&#8217;usuari.<\/span><\/li>\n<li><span style=\"font-family: helvetica, arial, sans-serif; color: #808080;\">Permet l&#8217;ajust del grau d&#8217;inclinaci\u00f3 del respatller i el seient de manera conjunta. Amb quatre posicionss de bloqueig anti retorn.<\/span><\/li>\n<li><span style=\"font-family: helvetica, arial, sans-serif; color: #808080;\">Permet la regulaci\u00f3 horitzontal de la profunditat del seient.<\/span><\/li>\n<li><span style=\"font-family: helvetica, arial, sans-serif; color: #808080;\">Bra\u00e7os de poliamida negre amb reposabra\u00e7os tou integral. Regulables en altura.<\/span><\/li>\n<li><span style=\"font-family: helvetica, arial, sans-serif; color: #808080;\">Regulaci\u00f3 d&#8217;altura mitjan\u00e7ant pist\u00f3 de gas amb amortiment en la posici\u00f3 m\u00e9s baixa.<\/span><\/li>\n<li><span style=\"font-family: helvetica, arial, sans-serif; color: #808080;\">Base piramidal de poliamida de 68 cm de di\u00e0metre amb rodes de 50 mm.<\/span><\/li>\n<\/ul>\n<p><img loading=\"lazy\" decoding=\"async\" class=\"alignnone wp-image-5314\" src=\"https:\/\/tienda.infomueble.es\/wp-content\/uploads\/2023\/05\/goya800.jpg\" alt=\"\" width=\"119\" height=\"111\"><\/p>\n<p>&nbsp;<\/p>\n<h6><span style=\"font-family: helvetica, arial, sans-serif; color: #520606;\">TRANSPORT I MUNTATGE INCL\u00d2S A MALLORCA.<\/span><\/h6>\n<h6><span style=\"font-family: helvetica, arial, sans-serif; color: #520606;\">3 ANYS DE GARANTIA<\/span><\/h6>\n","protected":false},"featured_media":4869,"template":"","meta":{"_et_pb_use_builder":"","_et_pb_old_content":"","_et_gb_content_width":""},"product_brand":[],"product_cat":[104,110],"product_tag":[],"class_list":{"0":"post-5055","1":"product","2":"type-product","3":"status-publish","4":"has-post-thumbnail","6":"product_cat-cadires","7":"product_cat-operatives","9":"first","10":"instock","11":"taxable","12":"shipping-taxable","13":"purchasable","14":"product-type-simple"},"_links":{"self":[{"href":"https:\/\/tienda.infomueble.es\/ca\/wp-json\/wp\/v2\/product\/5055","targetHints":{"allow":["GET"]}}],"collection":[{"href":"https:\/\/tienda.infomueble.es\/ca\/wp-json\/wp\/v2\/product"}],"about":[{"href":"https:\/\/tienda.infomueble.es\/ca\/wp-json\/wp\/v2\/types\/product"}],"wp:featuredmedia":[{"embeddable":true,"href":"https:\/\/tienda.infomueble.es\/ca\/wp-json\/wp\/v2\/media\/4869"}],"wp:attachment":[{"href":"https:\/\/tienda.infomueble.es\/ca\/wp-json\/wp\/v2\/media?parent=5055"}],"wp:term":[{"taxonomy":"product_brand","embeddable":true,"href":"https:\/\/tienda.infomueble.es\/ca\/wp-json\/wp\/v2\/product_brand?post=5055"},{"taxonomy":"product_cat","embeddable":true,"href":"https:\/\/tienda.infomueble.es\/ca\/wp-json\/wp\/v2\/product_cat?post=5055"},{"taxonomy":"product_tag","embeddable":true,"href":"https:\/\/tienda.infomueble.es\/ca\/wp-json\/wp\/v2\/product_tag?post=5055"}],"curies":[{"name":"wp","href":"https:\/\/api.w.org\/{rel}","templated":true}]}}

Cadira giratòria model New Light amb capçal

<p>&nbsp;</p>
<hr>
<h4><span style="font-family: helvetica, arial, sans-serif;">CARACTERÍSTIQUES</span></h4>
<hr>
<p>&nbsp;</p>
<ul>
<li><span style="font-family: helvetica, arial, sans-serif; color: #808080;">Recolzo malla transpirable tibada sobre bastidor perimetral de polipropilè negre amb capçal.</span></li>
<li><span style="font-family: helvetica, arial, sans-serif; color: #808080;">Tensor lumbar regulable en altura.</span></li>
<li><span style="font-family: helvetica, arial, sans-serif; color: #808080;">Seient amb interior de fusta contraxapada, omplert de goma flexible d&#8217;alta densitat. Color <strong>negre goya</strong>.</span></li>
<li><span style="font-family: helvetica, arial, sans-serif; color: #808080;">Mecanisme sincro autopesant amb trasla. Regula la pressió de manera automàtica en funció del pes de l&#8217;usuari.</span></li>
<li><span style="font-family: helvetica, arial, sans-serif; color: #808080;">Permet l&#8217;ajust del grau d&#8217;inclinació del respatller i el seient de manera conjunta. Amb quatre posicionss de bloqueig anti retorn.</span></li>
<li><span style="font-family: helvetica, arial, sans-serif; color: #808080;">Permet la regulació horitzontal de la profunditat del seient.</span></li>
<li><span style="font-family: helvetica, arial, sans-serif; color: #808080;">Braços de poliamida negre amb reposabraços tou integral. Regulables en altura.</span></li>
<li><span style="font-family: helvetica, arial, sans-serif; color: #808080;">Regulació d&#8217;altura mitjançant pistó de gas amb amortiment en la posició més baixa.</span></li>
<li><span style="font-family: helvetica, arial, sans-serif; color: #808080;">Base piramidal de poliamida de 68 cm de diàmetre amb rodes de 50 mm.</span></li>
</ul>
<p><img loading="lazy" decoding="async" class="alignnone wp-image-5314" src="https://tienda.infomueble.es/wp-content/uploads/2023/05/goya800.jpg" alt="" width="119" height="111"></p>
<p>&nbsp;</p>
<h6><span style="font-family: helvetica, arial, sans-serif; color: #520606;">TRANSPORT I MUNTATGE INCLÒS A MALLORCA.</span></h6>
<h6><span style="font-family: helvetica, arial, sans-serif; color: #520606;">3 ANYS DE GARANTIA</span></h6>
