{"id":5060,"date":"2021-07-15T15:13:19","date_gmt":"2021-07-15T13:13:19","guid":{"rendered":"https:\/\/tienda.infomueble.es\/producto\/cadira-direccio-model-arc\/"},"modified":"2021-07-15T15:13:19","modified_gmt":"2021-07-15T13:13:19","slug":"silla-direccion-modelo-arc-negra-2","status":"publish","type":"product","link":"https:\/\/tienda.infomueble.es\/ca\/producto\/silla-direccion-modelo-arc-negra-2\/","title":{"rendered":"Cadira direcci\u00f3 model Arc"},"content":{"rendered":"","protected":false},"excerpt":{"rendered":"<p>&nbsp;<\/p>\n<hr>\n<h4><span style=\"font-family: helvetica, arial, sans-serif; color: #333333;\">CARACTER\u00cdSTIQUES<\/span><\/h4>\n<hr>\n<ul>\n<li><span style=\"color: #808080;\"><span style=\"color: #808080; font-family: helvetica, arial, sans-serif;\">Seient entapissat en pell sint\u00e8tica &#8220;Camel&#8221; sobre interior de polipropil\u00e8 postformat amb curvatura davantera i goma de poliuret\u00e0 d&#8217;alta densitat, seient regulable en profunditat (trasla).<\/span><\/span><\/li>\n<li><span style=\"color: #808080;\">Suport entapissat en pell sint\u00e8tica &#8220;Camel&#8221; amb cap\u00e7alera incorporada.<\/span><\/li>\n<li><span style=\"color: #808080;\">Posterior caracter\u00edstica de la s\u00e8rie en polipropil\u00e8 de disseny gravat tipus &#8220;niu abella&#8221; en negre.<\/span><\/li>\n<li><span style=\"color: #808080;\">Mecanisme sincro que permet la inclinaci\u00f3 del suport amb bloqueig en quatre posicions, contacte permanent, sistema antiretorn i regulaci\u00f3 de la tensi\u00f3 segons el pes de l&#8217;usuari.<\/span><\/li>\n<li><span style=\"color: #808080;\">Base piramidal de poliamida refor\u00e7ada amb fibra de vidre i rodes de 65 mm autofrenades i autodireccionables amb banda de goma.<\/span><\/li>\n<li><span style=\"color: #808080;\">Bra\u00e7os fixos color negre amb reposabra\u00e7os tou integral regulable en profunditat.<\/span><\/li>\n<\/ul>\n<h6><span style=\"font-family: helvetica, arial, sans-serif; color: #520606;\">TRANSPORT I MUNTATGE INCL\u00d2S A MALLORCA<\/span><\/h6>\n<h6><span style=\"font-family: helvetica, arial, sans-serif; color: #520606;\">3 ANYS DE GARANTIA<\/span><\/h6>\n","protected":false},"featured_media":4962,"template":"","meta":{"_et_pb_use_builder":"","_et_pb_old_content":"","_et_gb_content_width":""},"product_brand":[],"product_cat":[104,113],"product_tag":[],"class_list":{"0":"post-5060","1":"product","2":"type-product","3":"status-publish","4":"has-post-thumbnail","6":"product_cat-cadires","7":"product_cat-direccio","9":"first","10":"outofstock","11":"taxable","12":"shipping-taxable","13":"purchasable","14":"product-type-simple"},"_links":{"self":[{"href":"https:\/\/tienda.infomueble.es\/ca\/wp-json\/wp\/v2\/product\/5060","targetHints":{"allow":["GET"]}}],"collection":[{"href":"https:\/\/tienda.infomueble.es\/ca\/wp-json\/wp\/v2\/product"}],"about":[{"href":"https:\/\/tienda.infomueble.es\/ca\/wp-json\/wp\/v2\/types\/product"}],"wp:featuredmedia":[{"embeddable":true,"href":"https:\/\/tienda.infomueble.es\/ca\/wp-json\/wp\/v2\/media\/4962"}],"wp:attachment":[{"href":"https:\/\/tienda.infomueble.es\/ca\/wp-json\/wp\/v2\/media?parent=5060"}],"wp:term":[{"taxonomy":"product_brand","embeddable":true,"href":"https:\/\/tienda.infomueble.es\/ca\/wp-json\/wp\/v2\/product_brand?post=5060"},{"taxonomy":"product_cat","embeddable":true,"href":"https:\/\/tienda.infomueble.es\/ca\/wp-json\/wp\/v2\/product_cat?post=5060"},{"taxonomy":"product_tag","embeddable":true,"href":"https:\/\/tienda.infomueble.es\/ca\/wp-json\/wp\/v2\/product_tag?post=5060"}],"curies":[{"name":"wp","href":"https:\/\/api.w.org\/{rel}","templated":true}]}}

Cadira direcció model Arc

<p>&nbsp;</p>
<hr>
<h4><span style="font-family: helvetica, arial, sans-serif; color: #333333;">CARACTERÍSTIQUES</span></h4>
<hr>
<ul>
<li><span style="color: #808080;"><span style="color: #808080; font-family: helvetica, arial, sans-serif;">Seient entapissat en pell sintètica &#8220;Camel&#8221; sobre interior de polipropilè postformat amb curvatura davantera i goma de poliuretà d&#8217;alta densitat, seient regulable en profunditat (trasla).</span></span></li>
<li><span style="color: #808080;">Suport entapissat en pell sintètica &#8220;Camel&#8221; amb capçalera incorporada.</span></li>
<li><span style="color: #808080;">Posterior característica de la sèrie en polipropilè de disseny gravat tipus &#8220;niu abella&#8221; en negre.</span></li>
<li><span style="color: #808080;">Mecanisme sincro que permet la inclinació del suport amb bloqueig en quatre posicions, contacte permanent, sistema antiretorn i regulació de la tensió segons el pes de l&#8217;usuari.</span></li>
<li><span style="color: #808080;">Base piramidal de poliamida reforçada amb fibra de vidre i rodes de 65 mm autofrenades i autodireccionables amb banda de goma.</span></li>
<li><span style="color: #808080;">Braços fixos color negre amb reposabraços tou integral regulable en profunditat.</span></li>
</ul>
<h6><span style="font-family: helvetica, arial, sans-serif; color: #520606;">TRANSPORT I MUNTATGE INCLÒS A MALLORCA</span></h6>
<h6><span style="font-family: helvetica, arial, sans-serif; color: #520606;">3 ANYS DE GARANTIA</span></h6>
