{"id":5062,"date":"2021-07-15T15:06:37","date_gmt":"2021-07-15T13:06:37","guid":{"rendered":"https:\/\/tienda.infomueble.es\/producto\/cadira-direccio-model-racer-blanca\/"},"modified":"2024-04-10T14:48:43","modified_gmt":"2024-04-10T12:48:43","slug":"silla-direccion-modelo-racer-blanca-2","status":"publish","type":"product","link":"https:\/\/tienda.infomueble.es\/ca\/producto\/silla-direccion-modelo-racer-blanca-2\/","title":{"rendered":"Cadira direcci\u00f3 model Racer+ blanca"},"content":{"rendered":"","protected":false},"excerpt":{"rendered":"<p><strong><span style=\"font-size: 18pt; color: #ff6600;\">OFERTA 20%! DARRERES UNITATS EN STOCK<\/span><\/strong><\/p>\n<hr>\n<h4><span style=\"font-family: helvetica, arial, sans-serif; color: #333333;\">CARACTER\u00cdSTIQUES<\/span><\/h4>\n<hr>\n<ul>\n<li><span style=\"font-family: helvetica, arial, sans-serif; color: #808080;\">Entapissat en pell sint\u00e8tica transpirable, cosits decoratius frontals. Color blanc.<\/span><\/li>\n<li><span style=\"font-family: helvetica, arial, sans-serif; color: #808080;\">Estructura de tub d&#8217;acer ovalat i cromat.<\/span><\/li>\n<li><span style=\"font-family: helvetica, arial, sans-serif; color: #808080;\">Mecanisme basculant. Permet balancejar i fixar. L&#8217;angle del seient i el respatller \u00e9s sempre el mateix. El punt de gir est\u00e0 avan\u00e7at i es pot fixar en 4 posicions.<\/span><\/li>\n<li><span style=\"font-family: helvetica, arial, sans-serif; color: #808080;\">Bra\u00e7os de tub d&#8217;acer cromat.<\/span><\/li>\n<li><span style=\"font-family: helvetica, arial, sans-serif; color: #808080;\">Tensor de pressi\u00f3.<\/span><\/li>\n<li><span style=\"font-family: helvetica, arial, sans-serif; color: #808080;\">Regulaci\u00f3 d&#8217;altura mitjan\u00e7ant pist\u00f3 de gas.<\/span><\/li>\n<li><span style=\"font-family: helvetica, arial, sans-serif; color: #808080;\">Base d&#8217;acer cromat amb 5 radis, de 67 cm de di\u00e0metre.<\/span><\/li>\n<\/ul>\n<h6><span style=\"font-family: helvetica, arial, sans-serif; color: #520606;\">TRANSPORT I MUNTATGE INCL\u00d2S A MALLORCA.<\/span><\/h6>\n<h6><span style=\"font-family: helvetica, arial, sans-serif; color: #520606;\">3 ANYS DE GARANTIA<\/span><\/h6>\n","protected":false},"featured_media":4233,"template":"","meta":{"_et_pb_use_builder":"","_et_pb_old_content":"","_et_gb_content_width":""},"product_brand":[],"product_cat":[104,113],"product_tag":[],"class_list":{"0":"post-5062","1":"product","2":"type-product","3":"status-publish","4":"has-post-thumbnail","6":"product_cat-cadires","7":"product_cat-direccio","9":"first","10":"instock","11":"sale","12":"taxable","13":"shipping-taxable","14":"purchasable","15":"product-type-simple"},"_links":{"self":[{"href":"https:\/\/tienda.infomueble.es\/ca\/wp-json\/wp\/v2\/product\/5062","targetHints":{"allow":["GET"]}}],"collection":[{"href":"https:\/\/tienda.infomueble.es\/ca\/wp-json\/wp\/v2\/product"}],"about":[{"href":"https:\/\/tienda.infomueble.es\/ca\/wp-json\/wp\/v2\/types\/product"}],"wp:featuredmedia":[{"embeddable":true,"href":"https:\/\/tienda.infomueble.es\/ca\/wp-json\/wp\/v2\/media\/4233"}],"wp:attachment":[{"href":"https:\/\/tienda.infomueble.es\/ca\/wp-json\/wp\/v2\/media?parent=5062"}],"wp:term":[{"taxonomy":"product_brand","embeddable":true,"href":"https:\/\/tienda.infomueble.es\/ca\/wp-json\/wp\/v2\/product_brand?post=5062"},{"taxonomy":"product_cat","embeddable":true,"href":"https:\/\/tienda.infomueble.es\/ca\/wp-json\/wp\/v2\/product_cat?post=5062"},{"taxonomy":"product_tag","embeddable":true,"href":"https:\/\/tienda.infomueble.es\/ca\/wp-json\/wp\/v2\/product_tag?post=5062"}],"curies":[{"name":"wp","href":"https:\/\/api.w.org\/{rel}","templated":true}]}}

Cadira direcció model Racer+ blanca

<p><strong><span style="font-size: 18pt; color: #ff6600;">OFERTA 20%! DARRERES UNITATS EN STOCK</span></strong></p>
<hr>
<h4><span style="font-family: helvetica, arial, sans-serif; color: #333333;">CARACTERÍSTIQUES</span></h4>
<hr>
<ul>
<li><span style="font-family: helvetica, arial, sans-serif; color: #808080;">Entapissat en pell sintètica transpirable, cosits decoratius frontals. Color blanc.</span></li>
<li><span style="font-family: helvetica, arial, sans-serif; color: #808080;">Estructura de tub d&#8217;acer ovalat i cromat.</span></li>
<li><span style="font-family: helvetica, arial, sans-serif; color: #808080;">Mecanisme basculant. Permet balancejar i fixar. L&#8217;angle del seient i el respatller és sempre el mateix. El punt de gir està avançat i es pot fixar en 4 posicions.</span></li>
<li><span style="font-family: helvetica, arial, sans-serif; color: #808080;">Braços de tub d&#8217;acer cromat.</span></li>
<li><span style="font-family: helvetica, arial, sans-serif; color: #808080;">Tensor de pressió.</span></li>
<li><span style="font-family: helvetica, arial, sans-serif; color: #808080;">Regulació d&#8217;altura mitjançant pistó de gas.</span></li>
<li><span style="font-family: helvetica, arial, sans-serif; color: #808080;">Base d&#8217;acer cromat amb 5 radis, de 67 cm de diàmetre.</span></li>
</ul>
<h6><span style="font-family: helvetica, arial, sans-serif; color: #520606;">TRANSPORT I MUNTATGE INCLÒS A MALLORCA.</span></h6>
<h6><span style="font-family: helvetica, arial, sans-serif; color: #520606;">3 ANYS DE GARANTIA</span></h6>
