{"id":5124,"date":"2020-11-26T18:07:45","date_gmt":"2020-11-26T17:07:45","guid":{"rendered":"https:\/\/tienda.infomueble.es\/producto\/cadira-direccio-racer-negra\/"},"modified":"2020-11-26T18:07:45","modified_gmt":"2020-11-26T17:07:45","slug":"cadira-direccio-racer-negra","status":"publish","type":"product","link":"https:\/\/tienda.infomueble.es\/ca\/producto\/cadira-direccio-racer-negra\/","title":{"rendered":"Cadira direcci\u00f3 Racer negra"},"content":{"rendered":"","protected":false},"excerpt":{"rendered":"<p>&nbsp;<\/p>\n<hr>\n<h4><span style=\"font-family: helvetica, arial, sans-serif; color: #333333;\">CARACTER\u00cdSTIQUES<\/span><\/h4>\n<hr>\n<p>&nbsp;<\/p>\n<ul>\n<li><span style=\"font-family: helvetica, arial, sans-serif; color: #808080;\">Entapissat integral en malla d&#8217;alta resist\u00e8ncia de nil\u00f3. Color negre.<\/span><\/li>\n<li><span style=\"font-family: helvetica, arial, sans-serif; color: #808080;\">Estructura de tub d&#8217;acer ovalat i cromat.<\/span><\/li>\n<li><span style=\"font-family: helvetica, arial, sans-serif; color: #808080;\">Mecanisme basculant. Permet balancejar i fixar. L&#8217;angle del seient i el respatller \u00e9s sempre el mateix. El punt de gir est\u00e0 avan\u00e7at i es pot fixar en 4 posicions.<\/span><\/li>\n<li><span style=\"font-family: helvetica, arial, sans-serif; color: #808080;\">Bra\u00e7os de tub d&#8217;acer cromat.<\/span><\/li>\n<li><span style=\"font-family: helvetica, arial, sans-serif; color: #808080;\">Tensor de pressi\u00f3.<\/span><\/li>\n<li><span style=\"font-family: helvetica, arial, sans-serif; color: #808080;\">Regulaci\u00f3 d&#8217;altura mitjan\u00e7ant pist\u00f3 de gas.<\/span><\/li>\n<li><span style=\"font-family: helvetica, arial, sans-serif; color: #808080;\">Base d&#8217;acer cromat amb 5 radis, de 67 cm de di\u00e0metre.<\/span><\/li>\n<\/ul>\n<p>&nbsp;<\/p>\n<h6><span style=\"font-family: helvetica, arial, sans-serif; color: #520606;\">TRANSPORT I MUNTATGE INCL\u00d2S A MALLORCA <\/span><\/h6>\n<h6><span style=\"font-family: helvetica, arial, sans-serif; color: #520606;\">3 ANYS DE GARANTIA<\/span><\/h6>\n","protected":false},"featured_media":4101,"template":"","meta":{"_et_pb_use_builder":"","_et_pb_old_content":"","_et_gb_content_width":""},"product_brand":[],"product_cat":[104,113],"product_tag":[],"class_list":{"0":"post-5124","1":"product","2":"type-product","3":"status-publish","4":"has-post-thumbnail","6":"product_cat-cadires","7":"product_cat-direccio","9":"first","10":"instock","11":"taxable","12":"shipping-taxable","13":"purchasable","14":"product-type-simple"},"_links":{"self":[{"href":"https:\/\/tienda.infomueble.es\/ca\/wp-json\/wp\/v2\/product\/5124","targetHints":{"allow":["GET"]}}],"collection":[{"href":"https:\/\/tienda.infomueble.es\/ca\/wp-json\/wp\/v2\/product"}],"about":[{"href":"https:\/\/tienda.infomueble.es\/ca\/wp-json\/wp\/v2\/types\/product"}],"wp:featuredmedia":[{"embeddable":true,"href":"https:\/\/tienda.infomueble.es\/ca\/wp-json\/wp\/v2\/media\/4101"}],"wp:attachment":[{"href":"https:\/\/tienda.infomueble.es\/ca\/wp-json\/wp\/v2\/media?parent=5124"}],"wp:term":[{"taxonomy":"product_brand","embeddable":true,"href":"https:\/\/tienda.infomueble.es\/ca\/wp-json\/wp\/v2\/product_brand?post=5124"},{"taxonomy":"product_cat","embeddable":true,"href":"https:\/\/tienda.infomueble.es\/ca\/wp-json\/wp\/v2\/product_cat?post=5124"},{"taxonomy":"product_tag","embeddable":true,"href":"https:\/\/tienda.infomueble.es\/ca\/wp-json\/wp\/v2\/product_tag?post=5124"}],"curies":[{"name":"wp","href":"https:\/\/api.w.org\/{rel}","templated":true}]}}

Cadira direcció Racer negra

<p>&nbsp;</p>
<hr>
<h4><span style="font-family: helvetica, arial, sans-serif; color: #333333;">CARACTERÍSTIQUES</span></h4>
<hr>
<p>&nbsp;</p>
<ul>
<li><span style="font-family: helvetica, arial, sans-serif; color: #808080;">Entapissat integral en malla d&#8217;alta resistència de niló. Color negre.</span></li>
<li><span style="font-family: helvetica, arial, sans-serif; color: #808080;">Estructura de tub d&#8217;acer ovalat i cromat.</span></li>
<li><span style="font-family: helvetica, arial, sans-serif; color: #808080;">Mecanisme basculant. Permet balancejar i fixar. L&#8217;angle del seient i el respatller és sempre el mateix. El punt de gir està avançat i es pot fixar en 4 posicions.</span></li>
<li><span style="font-family: helvetica, arial, sans-serif; color: #808080;">Braços de tub d&#8217;acer cromat.</span></li>
<li><span style="font-family: helvetica, arial, sans-serif; color: #808080;">Tensor de pressió.</span></li>
<li><span style="font-family: helvetica, arial, sans-serif; color: #808080;">Regulació d&#8217;altura mitjançant pistó de gas.</span></li>
<li><span style="font-family: helvetica, arial, sans-serif; color: #808080;">Base d&#8217;acer cromat amb 5 radis, de 67 cm de diàmetre.</span></li>
</ul>
<p>&nbsp;</p>
<h6><span style="font-family: helvetica, arial, sans-serif; color: #520606;">TRANSPORT I MUNTATGE INCLÒS A MALLORCA </span></h6>
<h6><span style="font-family: helvetica, arial, sans-serif; color: #520606;">3 ANYS DE GARANTIA</span></h6>
