{"id":5130,"date":"2020-11-18T11:23:19","date_gmt":"2020-11-18T10:23:19","guid":{"rendered":"https:\/\/tienda.infomueble.es\/producto\/cadira-giratoria-model-dynamic\/"},"modified":"2020-11-18T11:23:19","modified_gmt":"2020-11-18T10:23:19","slug":"silla-giratoria-modelo-dynamic-2","status":"publish","type":"product","link":"https:\/\/tienda.infomueble.es\/ca\/producto\/silla-giratoria-modelo-dynamic-2\/","title":{"rendered":"Cadira girat\u00f2ria model Dynamic"},"content":{"rendered":"","protected":false},"excerpt":{"rendered":"<hr>\n<h4><span style=\"font-family: helvetica, arial, sans-serif;\">CARACTER\u00cdSTIQUES<\/span><\/h4>\n<hr>\n<p>&nbsp;<\/p>\n<ul>\n<li><span style=\"font-family: helvetica, arial, sans-serif;\">Respatller malla transpirable &#8220;efecte tela&#8221;. Regulable en altura, color negre.<\/span><\/li>\n<li><span style=\"font-family: helvetica, arial, sans-serif;\">Seient amb interior de fusta contraxapada, omplert de goma flexible d&#8217;alta densitat. Color negre.<\/span><\/li>\n<li><span style=\"font-family: helvetica, arial, sans-serif;\">Mecanisme contacte permanent. Permet la regular la inclinaci\u00f3 del suport mitjan\u00e7ant una palanca que allibera el mecanisme, es pot fixar el qualsevol posici\u00f3.<\/span><\/li>\n<li><span style=\"font-family: helvetica, arial, sans-serif;\">Bra\u00e7os de polipropil\u00e8 negre. Fixos.<\/span><\/li>\n<li><span style=\"font-family: helvetica, arial, sans-serif;\">Regulaci\u00f3 d&#8217;altura mitjan\u00e7ant pist\u00f3 de gas.<\/span><\/li>\n<li><span style=\"font-family: helvetica, arial, sans-serif;\">Base piramidal de nil\u00f3 negre amb 5 radis refor\u00e7ada amb fibra de vidre. 67 cm de di\u00e0metre.<\/span><\/li>\n<li><span style=\"font-family: helvetica, arial, sans-serif;\">Rodes de goma.<\/span><\/li>\n<\/ul>\n<p>&nbsp;<\/p>\n<h6><span style=\"font-family: helvetica, arial, sans-serif; color: #520606;\">TRANSPORT I MUNTATGE INCL\u00d2S A MALLORCA<\/span><\/h6>\n<h6><span style=\"font-family: helvetica, arial, sans-serif; color: #520606;\">3 ANYS DE GARANTIA<\/span><\/h6>\n","protected":false},"featured_media":3870,"template":"","meta":{"_et_pb_use_builder":"","_et_pb_old_content":"","_et_gb_content_width":""},"product_brand":[],"product_cat":[104,110],"product_tag":[],"class_list":{"0":"post-5130","1":"product","2":"type-product","3":"status-publish","4":"has-post-thumbnail","6":"product_cat-cadires","7":"product_cat-operatives","9":"first","10":"instock","11":"taxable","12":"shipping-taxable","13":"purchasable","14":"product-type-simple"},"_links":{"self":[{"href":"https:\/\/tienda.infomueble.es\/ca\/wp-json\/wp\/v2\/product\/5130","targetHints":{"allow":["GET"]}}],"collection":[{"href":"https:\/\/tienda.infomueble.es\/ca\/wp-json\/wp\/v2\/product"}],"about":[{"href":"https:\/\/tienda.infomueble.es\/ca\/wp-json\/wp\/v2\/types\/product"}],"wp:featuredmedia":[{"embeddable":true,"href":"https:\/\/tienda.infomueble.es\/ca\/wp-json\/wp\/v2\/media\/3870"}],"wp:attachment":[{"href":"https:\/\/tienda.infomueble.es\/ca\/wp-json\/wp\/v2\/media?parent=5130"}],"wp:term":[{"taxonomy":"product_brand","embeddable":true,"href":"https:\/\/tienda.infomueble.es\/ca\/wp-json\/wp\/v2\/product_brand?post=5130"},{"taxonomy":"product_cat","embeddable":true,"href":"https:\/\/tienda.infomueble.es\/ca\/wp-json\/wp\/v2\/product_cat?post=5130"},{"taxonomy":"product_tag","embeddable":true,"href":"https:\/\/tienda.infomueble.es\/ca\/wp-json\/wp\/v2\/product_tag?post=5130"}],"curies":[{"name":"wp","href":"https:\/\/api.w.org\/{rel}","templated":true}]}}

Cadira giratòria model Dynamic

<hr>
<h4><span style="font-family: helvetica, arial, sans-serif;">CARACTERÍSTIQUES</span></h4>
<hr>
<p>&nbsp;</p>
<ul>
<li><span style="font-family: helvetica, arial, sans-serif;">Respatller malla transpirable &#8220;efecte tela&#8221;. Regulable en altura, color negre.</span></li>
<li><span style="font-family: helvetica, arial, sans-serif;">Seient amb interior de fusta contraxapada, omplert de goma flexible d&#8217;alta densitat. Color negre.</span></li>
<li><span style="font-family: helvetica, arial, sans-serif;">Mecanisme contacte permanent. Permet la regular la inclinació del suport mitjançant una palanca que allibera el mecanisme, es pot fixar el qualsevol posició.</span></li>
<li><span style="font-family: helvetica, arial, sans-serif;">Braços de polipropilè negre. Fixos.</span></li>
<li><span style="font-family: helvetica, arial, sans-serif;">Regulació d&#8217;altura mitjançant pistó de gas.</span></li>
<li><span style="font-family: helvetica, arial, sans-serif;">Base piramidal de niló negre amb 5 radis reforçada amb fibra de vidre. 67 cm de diàmetre.</span></li>
<li><span style="font-family: helvetica, arial, sans-serif;">Rodes de goma.</span></li>
</ul>
<p>&nbsp;</p>
<h6><span style="font-family: helvetica, arial, sans-serif; color: #520606;">TRANSPORT I MUNTATGE INCLÒS A MALLORCA</span></h6>
<h6><span style="font-family: helvetica, arial, sans-serif; color: #520606;">3 ANYS DE GARANTIA</span></h6>
