{"id":5228,"date":"2022-09-07T11:27:13","date_gmt":"2022-09-07T09:27:13","guid":{"rendered":"https:\/\/tienda.infomueble.es\/producto\/cadira-giratoria-model-fast-ergo-sense-bracos\/"},"modified":"2024-05-06T16:10:02","modified_gmt":"2024-05-06T14:10:02","slug":"cadira-giratoria-model-fast-ergo-sense-bracos","status":"publish","type":"product","link":"https:\/\/tienda.infomueble.es\/ca\/producto\/cadira-giratoria-model-fast-ergo-sense-bracos\/","title":{"rendered":"Cadira girat\u00f2ria model Fast Ergo sense bra\u00e7os"},"content":{"rendered":"","protected":false},"excerpt":{"rendered":"<p>&nbsp;<\/p>\n<hr>\n<h4><span style=\"font-family: helvetica, arial, sans-serif;\">CARACTER\u00cdSTIQUES<\/span><\/h4>\n<hr>\n<p>&nbsp;<\/p>\n<ul>\n<li><span style=\"font-family: helvetica, arial, sans-serif; color: #808080;\">Respatller fabricat en polipropil\u00e8, omplert de goma flexible d&#8217;alta densitat amb forma ergon\u00f2mica. Amb regulaci\u00f3 d&#8217;altura. Entapissat en negre.<\/span><\/li>\n<li><span style=\"font-family: helvetica, arial, sans-serif; color: #808080;\">Seient amb interior de fusta contraxapada de faig, amb interior de goma flexible d&#8217;alta densitat amb forma ergon\u00f2mica. Color negre.<\/span><\/li>\n<li><span style=\"font-family: helvetica, arial, sans-serif; color: #808080;\">Mecanisme contacte permanent. Permet ajustar el grau d&#8217;inclinaci\u00f3 del respatller. <\/span><\/li>\n<li><span style=\"font-family: helvetica, arial, sans-serif; color: #808080;\">Regulaci\u00f3 d&#8217;altura mitjan\u00e7ant pist\u00f3 de gas.<\/span><\/li>\n<li><span style=\"font-family: helvetica, arial, sans-serif; color: #808080;\">Base piramidal de nil\u00f3 negre amb 5 radis refor\u00e7ada amb un 30% de fibra de vidre. 60 cm de di\u00e0metre.<\/span><br \/>\n<h6><span style=\"font-family: helvetica, arial, sans-serif; color: #520606;\">TRANSPORT I MUNTATGE INCL\u00d2S A MALLORCA<\/span><\/h6>\n<h6><span style=\"font-family: helvetica, arial, sans-serif; color: #520606;\">3 ANYS DE GARANTIA<\/span><\/h6>\n<\/li>\n<\/ul>\n","protected":false},"featured_media":5227,"template":"","meta":{"_et_pb_use_builder":"","_et_pb_old_content":"","_et_gb_content_width":""},"product_brand":[],"product_cat":[104,110],"product_tag":[],"class_list":{"0":"post-5228","1":"product","2":"type-product","3":"status-publish","4":"has-post-thumbnail","6":"product_cat-cadires","7":"product_cat-operatives","9":"first","10":"onbackorder","11":"taxable","12":"shipping-taxable","13":"purchasable","14":"product-type-simple"},"_links":{"self":[{"href":"https:\/\/tienda.infomueble.es\/ca\/wp-json\/wp\/v2\/product\/5228","targetHints":{"allow":["GET"]}}],"collection":[{"href":"https:\/\/tienda.infomueble.es\/ca\/wp-json\/wp\/v2\/product"}],"about":[{"href":"https:\/\/tienda.infomueble.es\/ca\/wp-json\/wp\/v2\/types\/product"}],"wp:featuredmedia":[{"embeddable":true,"href":"https:\/\/tienda.infomueble.es\/ca\/wp-json\/wp\/v2\/media\/5227"}],"wp:attachment":[{"href":"https:\/\/tienda.infomueble.es\/ca\/wp-json\/wp\/v2\/media?parent=5228"}],"wp:term":[{"taxonomy":"product_brand","embeddable":true,"href":"https:\/\/tienda.infomueble.es\/ca\/wp-json\/wp\/v2\/product_brand?post=5228"},{"taxonomy":"product_cat","embeddable":true,"href":"https:\/\/tienda.infomueble.es\/ca\/wp-json\/wp\/v2\/product_cat?post=5228"},{"taxonomy":"product_tag","embeddable":true,"href":"https:\/\/tienda.infomueble.es\/ca\/wp-json\/wp\/v2\/product_tag?post=5228"}],"curies":[{"name":"wp","href":"https:\/\/api.w.org\/{rel}","templated":true}]}}

Cadira giratòria model Fast Ergo sense braços

<p>&nbsp;</p>
<hr>
<h4><span style="font-family: helvetica, arial, sans-serif;">CARACTERÍSTIQUES</span></h4>
<hr>
<p>&nbsp;</p>
<ul>
<li><span style="font-family: helvetica, arial, sans-serif; color: #808080;">Respatller fabricat en polipropilè, omplert de goma flexible d&#8217;alta densitat amb forma ergonòmica. Amb regulació d&#8217;altura. Entapissat en negre.</span></li>
<li><span style="font-family: helvetica, arial, sans-serif; color: #808080;">Seient amb interior de fusta contraxapada de faig, amb interior de goma flexible d&#8217;alta densitat amb forma ergonòmica. Color negre.</span></li>
<li><span style="font-family: helvetica, arial, sans-serif; color: #808080;">Mecanisme contacte permanent. Permet ajustar el grau d&#8217;inclinació del respatller. </span></li>
<li><span style="font-family: helvetica, arial, sans-serif; color: #808080;">Regulació d&#8217;altura mitjançant pistó de gas.</span></li>
<li><span style="font-family: helvetica, arial, sans-serif; color: #808080;">Base piramidal de niló negre amb 5 radis reforçada amb un 30% de fibra de vidre. 60 cm de diàmetre.</span><br />
<h6><span style="font-family: helvetica, arial, sans-serif; color: #520606;">TRANSPORT I MUNTATGE INCLÒS A MALLORCA</span></h6>
<h6><span style="font-family: helvetica, arial, sans-serif; color: #520606;">3 ANYS DE GARANTIA</span></h6>
</li>
</ul>
