{"id":5624,"date":"2024-05-16T15:46:53","date_gmt":"2024-05-16T13:46:53","guid":{"rendered":"https:\/\/tienda.infomueble.es\/producto\/cadira-giratoria-model-coomfort-capcal-amb-trasla\/"},"modified":"2024-05-16T16:23:25","modified_gmt":"2024-05-16T14:23:25","slug":"cadira-giratoria-model-coomfort-capcal-amb-trasla","status":"publish","type":"product","link":"https:\/\/tienda.infomueble.es\/ca\/producto\/cadira-giratoria-model-coomfort-capcal-amb-trasla\/","title":{"rendered":"Cadira girat\u00f2ria model Coomfort Cap\u00e7al amb trasla"},"content":{"rendered":"","protected":false},"excerpt":{"rendered":"<p><span style=\"font-size: 8pt;\">IVA no incl\u00f2s <\/span><\/p>\n<hr>\n<h4><span style=\"font-family: helvetica, arial, sans-serif;\">CARACTER\u00cdSTIQUES<\/span><\/h4>\n<hr>\n<p>&nbsp;<\/p>\n<ul>\n<li><span style=\"font-family: helvetica, arial, sans-serif; color: #808080;\">Respatller entapissat en malla ultra-resistent 3D negra, amb suport lumbar regulable en altura. <\/span><\/li>\n<li><span style=\"font-family: helvetica, arial, sans-serif; color: #808080;\">Amb cap\u00e7al de malla a conjunt amb el respatller, regulable el altura.<\/span><\/li>\n<li><span style=\"color: #808080; font-family: helvetica, arial, sans-serif;\">Seient embuatat en poliuret\u00e0 d&#8217;alta densitat, entapissat en negre goya.<\/span><\/li>\n<li><span style=\"color: #808080;\"><span style=\"font-family: helvetica, arial, sans-serif;\">Mecanisme sicro 4 posicions. Moviment de seient i respatller sincronitzat. Disposa de tres punts d&#8217;anclatge, amb palanca \u00fanica dreta: amb moviment lateral activam el mecanisme i <\/span><span style=\"font-family: helvetica, arial, sans-serif;\">prement cap adalt es regula l&#8217;altura del seient.<\/span><\/span><\/li>\n<li><strong><span style=\"font-family: helvetica, arial, sans-serif; color: #808080;\">Moviment horitzontal del seient cap endavant per major profunditat del mateix (trasla).<\/span><\/strong><\/li>\n<li><span style=\"font-family: helvetica, arial, sans-serif; color: #808080;\">Bra\u00e7os de poliamida negres regulables en altura.<\/span><\/li>\n<li><span style=\"font-family: helvetica, arial, sans-serif; color: #808080;\">Base plana de nil\u00f3 negre de 68 cm de di\u00e0metre amb rodes de 50 mm de di\u00e0metre de rodadura blana aptes per totes les superf\u00edcies.<\/span><\/li>\n<\/ul>\n<p>&nbsp;<\/p>\n<h6><span style=\"font-family: helvetica, arial, sans-serif; color: #520606;\">TRANSPORT I MUNTATGE INCL\u00d2S A MALLORCA<\/span><\/h6>\n<h6><span style=\"font-family: helvetica, arial, sans-serif; color: #520606;\">3 ANYS DE GARANTIA<\/span><\/h6>\n","protected":false},"featured_media":5622,"template":"","meta":{"_et_pb_use_builder":"","_et_pb_old_content":"","_et_gb_content_width":""},"product_brand":[],"product_cat":[104,110],"product_tag":[],"class_list":{"0":"post-5624","1":"product","2":"type-product","3":"status-publish","4":"has-post-thumbnail","6":"product_cat-cadires","7":"product_cat-operatives","9":"first","10":"instock","11":"taxable","12":"shipping-taxable","13":"purchasable","14":"product-type-simple"},"_links":{"self":[{"href":"https:\/\/tienda.infomueble.es\/ca\/wp-json\/wp\/v2\/product\/5624","targetHints":{"allow":["GET"]}}],"collection":[{"href":"https:\/\/tienda.infomueble.es\/ca\/wp-json\/wp\/v2\/product"}],"about":[{"href":"https:\/\/tienda.infomueble.es\/ca\/wp-json\/wp\/v2\/types\/product"}],"wp:featuredmedia":[{"embeddable":true,"href":"https:\/\/tienda.infomueble.es\/ca\/wp-json\/wp\/v2\/media\/5622"}],"wp:attachment":[{"href":"https:\/\/tienda.infomueble.es\/ca\/wp-json\/wp\/v2\/media?parent=5624"}],"wp:term":[{"taxonomy":"product_brand","embeddable":true,"href":"https:\/\/tienda.infomueble.es\/ca\/wp-json\/wp\/v2\/product_brand?post=5624"},{"taxonomy":"product_cat","embeddable":true,"href":"https:\/\/tienda.infomueble.es\/ca\/wp-json\/wp\/v2\/product_cat?post=5624"},{"taxonomy":"product_tag","embeddable":true,"href":"https:\/\/tienda.infomueble.es\/ca\/wp-json\/wp\/v2\/product_tag?post=5624"}],"curies":[{"name":"wp","href":"https:\/\/api.w.org\/{rel}","templated":true}]}}

Cadira giratòria model Coomfort Capçal amb trasla

<p><span style="font-size: 8pt;">IVA no inclòs </span></p>
<hr>
<h4><span style="font-family: helvetica, arial, sans-serif;">CARACTERÍSTIQUES</span></h4>
<hr>
<p>&nbsp;</p>
<ul>
<li><span style="font-family: helvetica, arial, sans-serif; color: #808080;">Respatller entapissat en malla ultra-resistent 3D negra, amb suport lumbar regulable en altura. </span></li>
<li><span style="font-family: helvetica, arial, sans-serif; color: #808080;">Amb capçal de malla a conjunt amb el respatller, regulable el altura.</span></li>
<li><span style="color: #808080; font-family: helvetica, arial, sans-serif;">Seient embuatat en poliuretà d&#8217;alta densitat, entapissat en negre goya.</span></li>
<li><span style="color: #808080;"><span style="font-family: helvetica, arial, sans-serif;">Mecanisme sicro 4 posicions. Moviment de seient i respatller sincronitzat. Disposa de tres punts d&#8217;anclatge, amb palanca única dreta: amb moviment lateral activam el mecanisme i </span><span style="font-family: helvetica, arial, sans-serif;">prement cap adalt es regula l&#8217;altura del seient.</span></span></li>
<li><strong><span style="font-family: helvetica, arial, sans-serif; color: #808080;">Moviment horitzontal del seient cap endavant per major profunditat del mateix (trasla).</span></strong></li>
<li><span style="font-family: helvetica, arial, sans-serif; color: #808080;">Braços de poliamida negres regulables en altura.</span></li>
<li><span style="font-family: helvetica, arial, sans-serif; color: #808080;">Base plana de niló negre de 68 cm de diàmetre amb rodes de 50 mm de diàmetre de rodadura blana aptes per totes les superfícies.</span></li>
</ul>
<p>&nbsp;</p>
<h6><span style="font-family: helvetica, arial, sans-serif; color: #520606;">TRANSPORT I MUNTATGE INCLÒS A MALLORCA</span></h6>
<h6><span style="font-family: helvetica, arial, sans-serif; color: #520606;">3 ANYS DE GARANTIA</span></h6>
